+ 5. Suppose -6*g = -9*g + 12. What is l(g)?
13
Let k = 17 + -9. Let z = k + -9. Let w(u) = 6*u**3 + u. Calculate w(z).
-7
Let x(n) = -5*n**2 + n + 1. Let a be x(-1). Let z = 0 + a. Let w(v) be the second derivative of v**3/6 + 2*v**2 - 3*v. Calculate w(z).
-1
Suppose -4*n - 5 - 11 = 0. Let u(b) be the second derivative of b**5/120 + 7*b**4/24 - 2*b**3/3 - b. Let l(r) be the second derivative of u(r). Determine l(n).
3
Let c(p) = -p**2 + p. Let q be (-4)/(-14) - (-6)/(-21). Suppose q = 2*z + 4 - 0. Let h be (z + -1)*2/(-3). Give c(h).
-2
Let q(x) = -3*x - 3. Let j = 13 + -9. Let m = j - 4. Suppose 2*h - 10 = m, -3*a = -4*a + h - 8. Calculate q(a).
6
Suppose h + h = -3*z + 21, 2*h - 4*z = 0. Suppose -h*s = -8*s. Let c(v) = v - 9. Determine c(s).
-9
Let r(s) be the first derivative of s**6/120 + s**5/12 + s**4/6 + s**3/3 + 3*s**2/2 - 1. Let i(c) be the second derivative of r(c). Give i(-3).
8
Let m(x) = 8*x + 5. Let v(s) = 5 + 9 + 15*s - 3 + 0. Let y(c) = 5*m(c) - 3*v(c). Let n(b) = -6*b - 9. Let u(r) = 6*n(r) - 7*y(r). Determine u(-5).
7
Let o(j) = -j**3 - 3*j**2 - 2*j - 4. Let k(s) = s**2 - 11*s + 11. Let u = -9 + 18. Let m be k(u). Let l = m + 4. Calculate o(l).
2
Let l(t) = -2 - 3*t**3 + 10*t**3 + 8*t - 6*t**3 - 8*t**2. Calculate l(7).
5
Let c be (2/3)/(28/126). Let o(u) be the second derivative of 1/20*u**5 + 3*u - 5/12*u**4 + 1/3*u**3 + 0 + u**2. What is o(c)?
-10
Let g(i) = -2*i - 8. Suppose -2*c - 9 = 5*r, -4*c - 15 = -2*c - r. Calculate g(c).
6
Let n(h) be the second derivative of -h**5/20 + h**4/2 - h**3/2 + 9*h**2/2 - 46*h + 1. Suppose -3*i + 21 = 3. Calculate n(i).
-9
Let g(n) = 3*n + 6. Let k(p) = -p - 4. Suppose 0 = -u + 2*u - 2. Suppose -4*a - 10 = -u*j, 0*a - 2*a + 15 = 3*j. Let b be k(a). What is g(b)?
-6
Let f be 20/80 + (-13)/4. Let k(d) = -d**3 - 2*d**2 + d + 1. What is k(f)?
7
Let r(w) = -w**3 + 6*w**2 - 5*w - 5. Let p = 16 + -11. Suppose -3*t - 2*o + 9 = 0, -5*t + p*o + 13 = -27. Give r(t).
-5
Let g(h) = -h**3 - 13*h**2 - h - 19. Let t be g(-13). Let a(v) = 2*v + v - 2 - 4*v + 0*v. Calculate a(t).
4
Suppose -4*m + 2 = -2. Let t(c) be the first derivative of 3*c**2 + c - 9. Determine t(m).
7
Let w be (-2)/(8/(-3)) - 15/(-12). Let t(k) = k**2 + 2*k - 2. What is t(w)?
6
Let s(x) = -4*x + x**2 - 1 - 2 - 3*x**2. Suppose 9*p - 14*p = 10. Calculate s(p).
-3
Let g(k) be the third derivative of -k**5/15 - k**3/6 + 11*k**2. Let d(v) = v**3 + v**2 - 2*v - 1. Let f be d(-2). What is g(f)?
-5
Suppose 5 = 3*v + 2*a - 5, -3*v - 3*a = -9. Let n(m) = 4*m + 4. Let s(u) = 9*u + 8. Let d(i) = 7*n(i) - 3*s(i). Determine d(v).
8
Let j(f) = 3*f - 4*f + 3*f. Let i = -7 + 12. What is j(i)?
10
Let v(b) = b**2 - 3*b - 6. Let n be v(5). Suppose 2*f = f + n. Suppose 0 = -4*d + 12 + f. Let z(x) = -x**3 + 4*x**2 + 5. Calculate z(d).
5
Let s(c) = 7*c**3 - 2*c**2 + 2*c - 1. Let l = -5 - -5. Suppose 4*f + 4 - 8 = l. Calculate s(f).
6
Let h(i) = 2*i + 4 + 3*i**2 - 8*i + 6*i + i**3. Let w = -15 + 4. Let g(o) = 5*o**3 + 15*o**2 + o + 21. Let d(m) = w*h(m) + 2*g(m). Give d(-4).
6
Let x(v) = -2*v**2 + v - 1. Let d = 10 - 12. Calculate x(d).
-11
Let v(y) = -6*y + 2. Let x(g) = -9*g + 3. Let s(p) = -8*v(p) + 5*x(p). Determine s(5).
14
Let v(q) be the third derivative of -q**6/360 - q**5/30 + q**4/6 + 4*q**2. Let p(c) be the second derivative of v(c). Calculate p(-3).
2
Let j(o) = 5*o + 3. Let p(r) = -8*r - 4. Let x(f) = 3*j(f) + 2*p(f). Let c be 3/9 - (-22)/(-3). Let u = -12 - c. Give x(u).
6
Let d(n) = -n**2 + 9*n - 1. Let p = 59 + -52. Determine d(p).
13
Let h(c) = c**2 + 11*c - 4. Suppose 0 = -4*s - 33 - 11. Let w be h(s). Let v(y) = y**3 + 4*y**2 - 2*y + 3. What is v(w)?
11
Let c(i) be the second derivative of 0*i**3 + i**2 - 1/6*i**4 - 1/20*i**5 + i + 0. Let p = -4 - -2. Calculate c(p).
2
Suppose -6 + 21 = -3*o. Let i(l) be the first derivative of 5/3*l**3 - l + 1/4*l**4 + 2 - 1/2*l**2. What is i(o)?
4
Let l(u) = -2 - 13*u + 0*u**3 + u**3 + 10*u - u**2. Suppose -4*g + 4 = -2*w - 2*w, 3*w + 13 = -2*g. Give l(g).
-8
Let j be 5/(5/(-3)) - -5. Let c(w) = 6*w - 5*w + 2*w**j - 2*w + 0 - 1. Determine c(-2).
9
Let u(p) be the third derivative of p**4/12 - 14*p**2 + 1. Calculate u(4).
8
Suppose -5*v + 2*r = -0*v, v = -r + 7. Let m(a) be the first derivative of -1/3*a**3 - 3 + a + 0*a**2. Give m(v).
-3
Let o(n) = -n**2 - n - 1. Let l be o(-1). Let k(v) = 6*v**3 - 2*v**2 - 2*v - 1. Determine k(l).
-7
Suppose 4*c = 2*c - 4*m - 6, 0 = -5*c + m - 4. Let w(u) = -6*u. What is w(c)?
6
Suppose -v = v. Let s(o) = 2*o - o**3 + o**2 - 1 + o**2 + v*o + o**2. What is s(4)?
-9
Let h(j) = 3*j - 67. Let w be h(21). Suppose -4*q + 5*q + 2 = -t, -4*t = -4*q - 16. Let v(m) = m - t - 1 + 5. Determine v(w).
-1
Let d(p) = p**3 - 10*p**2 - 10*p - 10. Let a be d(11). Let v(w) = -8*w + 7 + a + 7*w. Determine v(6).
2
Let o(u) be the third derivative of 0 + 1/20*u**5 + 0*u + 1/120*u**6 + 3*u**2 - 1/6*u**4 + 5/6*u**3. Determine o(-4).
5
Let m(k) = 4*k - 1. Suppose -4*h + 2 = x, 0 = 2*h + 5*x + 2 + 6. Let t(c) = -c - 1. Let o(u) = h*m(u) + 3*t(u). Determine o(4).
0
Let i(t) = 4*t + 2. Let f be 6/(3/(-1) + (5 - 3)). Give i(f).
-22
Let z(i) = -2*i - 3*i - 4 + 2*i + 6. Give z(4).
-10
Let k(u) = -2*u**2 + 3*u + 1. Let c be k(-4). Let z(d) = -d**3 - 11*d**2 + 2. Let o be z(-11). Let f be o/(-9) - c/(-9). Let s(n) = -n - 8. Calculate s(f).
-3
Let p(o) = -o**2 + 6*o - 3. Let l = -18 - -20. What is p(l)?
5
Let d(y) = -y**2 + y. Let n(i) = -i**3 + i**2 + 4*i + 3. Let j(w) = -5*d(w) + n(w). Let z be 37/37*(6/1 + 0). Determine j(z).
-3
Let k(j) = -j + 1. Let v(c) = c**3 - 2*c - 2. Let f be v(-2). Let h(z) = -z**3 - 5*z**2 + 4*z - 7. Let r be h(f). Calculate k(r).
-4
Suppose -4*i = i + 35. Suppose -2*k + 5 = 5*d, -2*k + 2*d - 10 = 20. Let g = i - k. Let l(f) = -f**2 - f + 1. Calculate l(g).
-11
Let l(n) = -n + n + n + 0. Let s be (-12)/15*10/2. What is l(s)?
-4
Suppose 5*u = -5*x - 30, -4*x - x - 5 = 0. Let b(j) = j**2 + 5*j + 2. Calculate b(u).
2
Let w(l) = l**2 - 4*l - 4. Let r be ((-5)/(-2) - 3)*-12. Calculate w(r).
8
Let p(w) be the third derivative of 7*w**6/120 - w**5/60 - w**4/12 - w**3/6 + 9*w**2. Give p(-1).
-7
Let g(q) be the second derivative of q**5/20 + q**4/3 - q**2 + q. Suppose 0 = 18*l - 19*l - 3. Calculate g(l).
7
Suppose 2*i + 0*j - 12 = 3*j, -3*j = 4*i + 12. Let p(t) = t**2 - t + 9. What is p(i)?
9
Let r(y) = -y. Let t(w) = -5*w - 7. Suppose o + 4*s = 18, -2*s + 0 = -3*o - 2. Suppose 5*q - 8 = 3*x, 2*q = 2*x + o*x - 8. Let f(h) = q*r(h) - t(h). Give f(-4).
3
Let f(s) be the second derivative of -5*s**3/3 - s**2/2 - 3*s + 1. Determine f(-1).
9
Let a be (-3 + 21/6)*0. Let z(t) = -t + 8. Calculate z(a).
8
Let u = 48 + -45. Let o(q) = 8*q**2 + 15*q - 29. Let y(i) = -3*i**2 - 5*i + 10. Let w(p) = 6*o(p) + 17*y(p). What is w(u)?
-16
Let y(q) = -q**3 + 7*q**2 - 9*q + 9. Let x be y(6). Let k(v) = v**3 + 8*v**2 - 8*v + 13. Give k(x).
4
Suppose 4*o - 2*o = 0. Let s(i) = 11 - i**2 - i + 3*i + 0*i - 3*i. Calculate s(o).
11
Let l(c) = c + 3. Let h be 6/(-21) - (-47)/(-7). Determine l(h).
-4
Let b(v) = -5 - v + 5*v + 2*v. What is b(4)?
19
Let m(l) = l**3 - 2*l**2 - 3*l. Let j(n) = 2*n**3 - 3*n**2 - 4*n. Let p(x) = 2*j(x) - 3*m(x). Suppose 3*q + 0*q - 3 = t, 0 = -5*q + 2*t + 6. Give p(q).
0
Suppose 2*w - 5 = 7. Let n(g) = -g + 6. Let u be n(w). Let p(a) = 7 - a + a**2 - 3 + u. What is p(0)?
4
Let r(v) = 9*v - 9*v**2 + 2*v**2 + 9 - 16*v**2. Let l(w) = -11*w**2 + 4*w + 4. Let s(z) = 9*l(z) - 4*r(z). Determine s(-1).
-7
Let w(b) = -5*b - 2*b + 4*b. Give w(-2).
6
Let w(j) = j**3 - 3*j**2 + 2*j + 2. Let g be w(2). Let t(c) = 7 - 3*c**2 + c**3 - 5*c**g + 2*c**2. What is t(6)?
7
Let j(l) = 0*l**3 + 5*l - 1 + l**3 - 5*l**2 + 0*l. Let a be j(4). Let o(d) = 1 - 2*d + 6*d**2 - 4*d**2 - d**2. Determine o(a).
4
Suppose -5*u + 4 = -4*v - 2*u, -4*v + 2*u = 8. Let f be -1*(20/(-4) - v). Let c(q) = q**3 - 2*q**2 + q. Calculate c(f).
0
Let c(h) = -h - 1 + 1 - 1. Determine c(-4).
3
Let o(h) be the third derivative of h**6/120 + 3*h**5/20 + h**4/3 + 4*h**2. Calculate o(-8).
0
Let g(x) = -6*x**3 - x. Suppose 32 = -0*z + 4*z - 2*q, 5*q + 8 = -2*z. Let l be (1 - -5)*9/z. Suppose l = 2*a + d + 2, a + d - 6 = 0. Give g(a).
-7
Let p(m) be the second derivative of -m**4/12 + m**3/3 - m**2 + 4*m. Determine p(3).
-5
Let h(g) = -